ghest common factor of 6 and 1209534?
6
What is the highest common divisor of 1 and 140171?
1
What is the highest common factor of 39283 and 241?
241
Calculate the greatest common divisor of 665214 and 286.
22
Calculate the greatest common factor of 512 and 4352.
256
What is the highest common factor of 115 and 4611960?
115
Calculate the highest common divisor of 36179 and 2691.
299
Calculate the greatest common divisor of 1677 and 13287.
129
What is the highest common factor of 425050 and 175?
25
What is the highest common factor of 1957 and 32960?
103
What is the greatest common divisor of 817 and 57?
19
Calculate the greatest common factor of 169 and 58981.
169
What is the highest common divisor of 19 and 291631?
19
What is the highest common divisor of 510 and 95982?
102
Calculate the greatest common divisor of 99 and 41580.
99
What is the highest common factor of 22 and 92257?
11
What is the greatest common factor of 13559 and 182?
91
Calculate the greatest common divisor of 3666 and 46332.
78
Calculate the greatest common factor of 98434 and 3950.
158
Calculate the highest common factor of 444 and 61568.
148
Calculate the greatest common divisor of 25353 and 81.
81
Calculate the greatest common factor of 25277 and 116564.
161
Calculate the greatest common factor of 210 and 22610.
70
Calculate the greatest common divisor of 133546 and 21.
7
What is the highest common divisor of 2116 and 2612731?
529
What is the highest common divisor of 80040 and 14790?
870
What is the greatest common factor of 45000 and 27?
9
What is the highest common factor of 503 and 4462113?
503
Calculate the greatest common divisor of 35242 and 134.
134
Calculate the greatest common divisor of 5152 and 47264.
224
Calculate the greatest common factor of 11545 and 55.
5
What is the highest common divisor of 11055 and 105?
15
Calculate the greatest common factor of 6263 and 7.
1
Calculate the highest common divisor of 52 and 9.
1
What is the greatest common divisor of 77478 and 1258?
74
What is the highest common factor of 15579 and 8127?
27
What is the greatest common factor of 474 and 30786?
6
Calculate the highest common factor of 17818 and 2416.
302
What is the highest common factor of 56800 and 12212?
284
Calculate the greatest common divisor of 79712 and 13356.
212
Calculate the greatest common divisor of 488 and 13786.
122
What is the highest common divisor of 780 and 37140?
60
What is the highest common factor of 401295 and 15?
15
What is the greatest common divisor of 77604 and 812?
116
Calculate the highest common divisor of 5249526 and 129.
129
What is the greatest common divisor of 161 and 387941?
23
Calculate the greatest common factor of 1410 and 179587.
47
What is the greatest common factor of 35 and 4055?
5
Calculate the greatest common factor of 80 and 96304.
16
Calculate the greatest common factor of 196445 and 3112.
389
What is the highest common factor of 647628 and 348?
348
Calculate the greatest common divisor of 37127 and 3425.
137
What is the greatest common factor of 749 and 39186?
7
What is the highest common divisor of 5166 and 13482?
126
What is the highest common divisor of 4074 and 4998?
42
Calculate the highest common factor of 711620 and 2652.
884
What is the highest common divisor of 202923 and 336?
21
What is the highest common factor of 885328 and 16?
16
What is the highest common divisor of 58459 and 53?
53
Calculate the greatest common divisor of 36 and 177792.
12
Calculate the highest common factor of 65802 and 17358.
66
What is the highest common factor of 230 and 43390?
10
Calculate the greatest common divisor of 1872 and 5904.
144
Calculate the highest common divisor of 2596 and 767.
59
What is the highest common factor of 1317338 and 44?
22
Calculate the greatest common factor of 78 and 21320.
26
What is the greatest common factor of 1520 and 6845?
5
What is the greatest common divisor of 6 and 5223?
3
Calculate the highest common factor of 258760 and 920.
40
Calculate the highest common factor of 386321 and 13.
13
What is the greatest common factor of 15183 and 10689?
21
Calculate the highest common factor of 24566 and 20164.
142
What is the highest common divisor of 542520 and 11?
11
What is the greatest common factor of 300160 and 480?
160
Calculate the greatest common factor of 740 and 6820.
20
What is the highest common divisor of 24 and 147808?
8
What is the highest common factor of 77 and 93?
1
Calculate the greatest common factor of 319675 and 2375.
475
What is the highest common divisor of 30 and 34610?
10
Calculate the greatest common factor of 94 and 189034.
94
What is the highest common divisor of 1013992 and 42?
14
What is the highest common factor of 6868 and 55556?
68
Calculate the highest common factor of 102887 and 35297.
751
Calculate the highest common divisor of 7870 and 2380.
10
Calculate the highest common divisor of 15524135 and 3190.
1595
Calculate the greatest common factor of 1116 and 31124.
124
What is the greatest common factor of 19860 and 10261?
331
What is the greatest common factor of 151145 and 43?
43
What is the greatest common divisor of 5588 and 760222?
254
Calculate the highest common factor of 52736 and 166912.
512
Calculate the greatest common divisor of 548 and 992.
4
Calculate the highest common divisor of 8949 and 236913.
471
Calculate the highest common factor of 160 and 6192.
16
What is the greatest common divisor of 1150683 and 477?
159
What is the greatest common factor of 88 and 110572?
44
What is the greatest common factor of 1760 and 108064?
352
Calculate the highest common factor of 40321 and 488.
61
Calculate the greatest common divisor of 8816 and 15312.
464
Calculate the greatest common divisor of 28809 and 2475.
99
Calculate the highest common divisor of 1320516 and 1188.
108
Calculate the highest common factor of 146 and 284846.
146
Calculate the greatest common factor of 6180 and 324244.
412
Calculate the highest common factor of 513 and 1362879.
27
What is the greatest common factor of 1105 and 1445?
85
What is the highest common factor of 201 and 1315612?
67
Calculate the greatest common factor of 17532 and 972.
36
What is the highest common factor of 49 and 16821?
7
Calculate the highest common factor of 24999 and 364.
13
What is the highest common divisor of 134810 and 68?
34
What is the greatest common factor of 426 and 998970?
426
What is the greatest common factor of 88625 and 1500?
125
Calculate the highest common factor of 3453183 and 558.
279
Calculate the greatest common divisor of 10956 and 185064.
132
Calculate the highest common divisor of 240 and 365880.
120
Calculate the highest common factor of 5560 and 6480.
40
What is the greatest common divisor of 31806 and 4237?
19
Calculate the highest common factor of 276233 and 629.
17
What is the greatest common divisor of 2173 and 5535?
41
Calculate the greatest common divisor of 282 and 2468064.
282
Calculate the highest common divisor of 30730 and 910.
70
Calculate the greatest common factor of 22 and 1028203.
11
What is the greatest common divisor of 296564 and 3020?
604
What is the greatest common divisor of 366788 and 188?
188
What is the greatest common divisor of 49 and 43666?
7
Calculate the greatest common factor of 419785 and 295.
295
Calculate the highest common factor of 2147950 and 70.
70
Calculate the greatest common divisor of 566 and 272529.
283
Calculate the highest common divisor of 192 and 448.
64
Calculate the highest common factor of 11805 and 15.
15
What is the greatest common divisor of 132 and 1181268?
132
What is the greatest common divisor of 550 and 230950?
50
Calculate the highest common divisor of 2919793 and 67.
67
Calculate the greatest common factor of 37629 and 20340.
1017
What is the highest common factor of 1147610 and 5?
5
What is the highest common divisor of 9984 and 1923792?
624
What is the highest common divisor of 53 and 128101?
53
Calculate the highest common factor of 300587 and 161.
161
What is the greatest common factor of 807569 and 539?
49
What is the highest common divisor of 8715 and 12865?
415
What is the greatest common factor of 360 and 101016?
72
What is the greatest common factor of 8680 and 1288?
56
Calculate the highest common divisor of 1357502 and 839.